{"id":2,"date":"2009-08-12T09:40:49","date_gmt":"2009-08-12T12:40:49","guid":{"rendered":"https:\/\/ncep.ufpr.br\/?page_id=2"},"modified":"2017-11-19T14:46:52","modified_gmt":"2017-11-19T17:46:52","slug":"sobre","status":"publish","type":"page","link":"https:\/\/ncep.ufpr.br\/?page_id=2","title":{"rendered":"O NCEP"},"content":{"rendered":"<p>O NCEP &#8211; N\u00facleo de Comunica\u00e7\u00e3o e Educa\u00e7\u00e3o Popular \u2013 \u00e9 um projeto de extens\u00e3o vinculado ao curso de Comunica\u00e7\u00e3o Social da Universidade Federal do Paran\u00e1. Desde 2003, quando foi criado, o NCEP estimula a discuss\u00e3o sobre comunica\u00e7\u00e3o popular e assessora movimentos sociais a fim de promover a democratiza\u00e7\u00e3o dos meios de comunica\u00e7\u00e3o.<\/p>\n<p>Atrav\u00e9s das tr\u00eas linhas de atua\u00e7\u00e3o, o projeto busca sempre integrar o meio acad\u00eamico e a comunidade, al\u00e9m de auxiliar movimentos populares.<\/p>\n<p>Contando com vinte e um integrantes entre bolsistas e volunt\u00e1rios na gest\u00e3o 2013\/2014, o NCEP \u00e9 atualmente coordenado pela prof\u00ba Dr\u00ba Toni Vieira. Os alunos de gradua\u00e7\u00e3o envolvidos na extens\u00e3o universit\u00e1ria auxiliam os parceiros do grupo em projetos espec\u00edficos. Com o MNPR (Movimento Nacional da Popula\u00e7\u00e3o de Rua) produzem o jornal A Laje, voltado para as pessoas em situa\u00e7\u00e3o de rua. No Col\u00e9gio Estadual Manoel Ribas, a equipe colabora e orienta alunos entre 12 a 14 anos na produ\u00e7\u00e3o de uma r\u00e1dio-escola. O NCEP est\u00e1 envolvido com o CAIC Guilherme Lacerda Braga Sobrinho, onde tamb\u00e9m auxilia na produ\u00e7\u00e3o de uma r\u00e1dio-escola. Al\u00e9m desses projetos, o NCEP esteve envolvido na produ\u00e7\u00e3o de uma r\u00e1dio-escola na Escola Estadual Herbert de Souza, em S\u00e3o Jos\u00e9 dos Pinhais, finalizado no segundo semestre de 2013.<\/p>\n<p>O N\u00facleo conta, ainda, com um Jornal Mural semanal, onde a equipe divulga as atividades desenvolvidas com os parceiros durante a semana e d\u00e1 dicas de filmes, m\u00fasicas e eventos culturais.<\/p>\n<p>Recentemente, o NCEP retomou a tradi\u00e7\u00e3o de fazer pesquisas e discuss\u00f5es sobre educomunica\u00e7\u00e3o, com o intuito de preparar melhor seus integrantes, tamb\u00e9m no \u00e2mbito te\u00f3rico, para a atua\u00e7\u00e3o dentro dos projetos desenvolvidos com os parceiros.<\/p>\n<p>As linhas de atua\u00e7\u00e3o do NCEP s\u00e3o tr\u00eas:<\/p>\n<div>\n<p><strong>1) Educa\u00e7\u00e3o para os meios de comunica\u00e7\u00e3o<\/strong><\/p>\n<p>Nessa linha, mant\u00e9m um jornal mural semanal no campus em que tem sua sede e ap\u00f3ia as r\u00e1dios das escolas Manoel Ribas, CAIC Guilherme Lacerda Braga Sobrinho e Herbert de Souza.<\/p>\n<p><strong>2) Assessoria na produ\u00e7\u00e3o de materiais de comunica\u00e7\u00e3o<\/strong><\/p>\n<p>O NCEP assessora a produ\u00e7\u00e3o do jornal A Laje, destinado \u00e0s pessoas em situa\u00e7\u00e3o de rua.<\/p>\n<p><strong>3) Pesquisa na \u00e1rea de comunica\u00e7\u00e3o popular<\/strong><\/p>\n<p>Na \u00e1rea de pesquisa, o NCEP busca contato com textos de pensadores e estudiosos da \u00e1rea de comunica\u00e7\u00e3o e educa\u00e7\u00e3o popular e educomunica\u00e7\u00e3o, como Cec\u00edlia Peruzzo, Paulo Freire, Denise Cogo, entre outros.<\/p>\n<\/div>\n","protected":false},"excerpt":{"rendered":"<p>O NCEP &#8211; N\u00facleo de Comunica\u00e7\u00e3o e Educa\u00e7\u00e3o Popular \u2013 \u00e9 um projeto de extens\u00e3o vinculado ao curso de Comunica\u00e7\u00e3o Social da Universidade Federal do Paran\u00e1. Desde 2003, quando foi criado, o NCEP estimula a discuss\u00e3o sobre comunica\u00e7\u00e3o popular e assessora movimentos sociais a fim de promover a democratiza\u00e7\u00e3o dos meios de comunica\u00e7\u00e3o. Atrav\u00e9s das [&hellip;]<\/p>\n","protected":false},"author":1,"featured_media":0,"parent":0,"menu_order":1,"comment_status":"open","ping_status":"open","template":"","meta":{"footnotes":""},"class_list":["post-2","page","type-page","status-publish","hentry"],"_links":{"self":[{"href":"https:\/\/ncep.ufpr.br\/index.php?rest_route=\/wp\/v2\/pages\/2"}],"collection":[{"href":"https:\/\/ncep.ufpr.br\/index.php?rest_route=\/wp\/v2\/pages"}],"about":[{"href":"https:\/\/ncep.ufpr.br\/index.php?rest_route=\/wp\/v2\/types\/page"}],"author":[{"embeddable":true,"href":"https:\/\/ncep.ufpr.br\/index.php?rest_route=\/wp\/v2\/users\/1"}],"replies":[{"embeddable":true,"href":"https:\/\/ncep.ufpr.br\/index.php?rest_route=%2Fwp%2Fv2%2Fcomments&post=2"}],"version-history":[{"count":19,"href":"https:\/\/ncep.ufpr.br\/index.php?rest_route=\/wp\/v2\/pages\/2\/revisions"}],"predecessor-version":[{"id":3019,"href":"https:\/\/ncep.ufpr.br\/index.php?rest_route=\/wp\/v2\/pages\/2\/revisions\/3019"}],"wp:attachment":[{"href":"https:\/\/ncep.ufpr.br\/index.php?rest_route=%2Fwp%2Fv2%2Fmedia&parent=2"}],"curies":[{"name":"wp","href":"https:\/\/api.w.org\/{rel}","templated":true}]}}